{"id":19,"date":"2016-10-11T11:49:27","date_gmt":"2016-10-11T11:49:27","guid":{"rendered":"http:\/\/mendener-in-not.de\/?page_id=19"},"modified":"2025-11-02T17:04:04","modified_gmt":"2025-11-02T17:04:04","slug":"unterstuetzen-sie-mendener-in-not-e-v","status":"publish","type":"page","link":"https:\/\/mendener-in-not.de\/?page_id=19","title":{"rendered":"Spenden Sie f\u00fcr Mendener in Not e.V."},"content":{"rendered":"\n<p><strong>Die Solidarit\u00e4t in Menden ist riesengro\u00df.<\/strong><\/p>\n\n\n\n<p>Wir danken allen Gruppierungen, Schulen, Vereinen, Gesch\u00e4fts- und Privatleuten, die sich&nbsp; f\u00fcr Mendener in Not engagieren und Spenden sammeln. Ihre Hilfe kommt genau dort an, wo sie am dringendsten gebraucht wird. Bitte unterst\u00fctzen Sie unseren Verein weiter! Die Konten finden Sie unten auf dieser Seite!<\/p>\n\n\n\n<ul class=\"wp-block-list\">\n<li>Sie freuen sich auf einen runden <strong>Geburtstag<\/strong> oder ein <strong>Ehejubil\u00e4um<\/strong>? Dann verzichten Sie doch auf Geschenke und bitten Ihre Freunde und Verwandten um eine Geldspende. \u00dcberweisen Sie den Gesamtbetrag auf eines unserer Konten. Wir schicken Ihnen dann eine Spendenquittung!<\/li>\n\n\n\n<li>Wichtig: Vermerken Sie auf der \u00dcberweisung Ihre Adresse, damit die Spendenquittung auch ankommt!<\/li>\n\n\n\n<li>Sie feiern ein <strong>Firmenjubil\u00e4um<\/strong>? Dann verfahren Sie wie oben. Schicken Sie uns ein Foto Ihrer Jubil\u00e4umsfeier an <a href=\"mailto:info@mendener-in-not.de\">info@mendener-in-not.de<\/a> <\/li>\n\n\n\n<li>Wir berichten dann gerne hier auf unserer <a href=\"https:\/\/www.facebook.com\/mendener.in.not\/\">Facebook<\/a> und <a href=\"https:\/\/www.instagram.com\/mendener_in_not\/\" target=\"_blank\" rel=\"noreferrer noopener\">Instagram<\/a>-Seite \u00fcber Ihre Spende.<\/li>\n\n\n\n<li>Veranstalten Sie ein z.B. (Sport-) Fest oder ein anderes Event f\u00fcr Mendener in Not e.V. .<\/li>\n\n\n\n<li>Und auch bei traurigen Anl\u00e4ssen ist eine Bitte um&nbsp;Spenden f\u00fcr Mendener in Not e.V. eine w\u00fcrdige Alternative f\u00fcr Blumenspenden oder Grabschmuck.<\/li>\n<\/ul>\n\n\n\n<div style=\"height:31px\" aria-hidden=\"true\" class=\"wp-block-spacer\"><\/div>\n\n\n\n<p><strong>Unsere Konten:<\/strong><\/p>\n\n\n\n<ul class=\"wp-block-list\">\n<li><strong>Sparkasse M\u00e4rkisches Sauerland Hemer Menden<\/strong><br>IBAN DE54 4455 1210 1800 0728 68<\/li>\n<\/ul>\n\n\n\n<ul class=\"wp-block-list\">\n<li><strong>M\u00e4rkische Bank<\/strong><br>IBAN DE14 4506 0009 0108 8550 00<\/li>\n<\/ul>\n\n\n\n<ul class=\"wp-block-list\">\n<li><strong>Mendener Bank<\/strong><br>IBAN DE 42 4476 1312 0000 0060 60<\/li>\n<\/ul>\n\n\n\n<p><strong>Vermerken Sie beim Online-Banking im Betreff den Begriff &#8222;Spende&#8220;.<\/strong><br><br>Haben Sie bitte Verst\u00e4ndnis daf\u00fcr, dass wir Ihnen erst ab einem Betrag von mehr als 300 \u20ac eine Spendenquittung zukommen lassen. Bei bis zu 300 \u20ac erkennt das Finanzamt den Kontoauszug als Spendenbeleg an.<\/p>\n","protected":false},"excerpt":{"rendered":"<p>Die Solidarit\u00e4t in Menden ist riesengro\u00df. Wir danken allen Gruppierungen, Schulen, Vereinen, Gesch\u00e4fts- und Privatleuten, die sich&nbsp; f\u00fcr Mendener in Not engagieren und Spenden sammeln. Ihre Hilfe kommt genau dort an, wo sie am dringendsten gebraucht wird. Bitte unterst\u00fctzen Sie unseren Verein weiter! Die Konten finden Sie unten auf dieser Seite! Unsere Konten: Vermerken Sie [&hellip;]<\/p>\n","protected":false},"author":1,"featured_media":962,"parent":0,"menu_order":2,"comment_status":"closed","ping_status":"closed","template":"","meta":{"footnotes":""},"class_list":["post-19","page","type-page","status-publish","has-post-thumbnail","hentry"],"_links":{"self":[{"href":"https:\/\/mendener-in-not.de\/index.php?rest_route=\/wp\/v2\/pages\/19","targetHints":{"allow":["GET"]}}],"collection":[{"href":"https:\/\/mendener-in-not.de\/index.php?rest_route=\/wp\/v2\/pages"}],"about":[{"href":"https:\/\/mendener-in-not.de\/index.php?rest_route=\/wp\/v2\/types\/page"}],"author":[{"embeddable":true,"href":"https:\/\/mendener-in-not.de\/index.php?rest_route=\/wp\/v2\/users\/1"}],"replies":[{"embeddable":true,"href":"https:\/\/mendener-in-not.de\/index.php?rest_route=%2Fwp%2Fv2%2Fcomments&post=19"}],"version-history":[{"count":29,"href":"https:\/\/mendener-in-not.de\/index.php?rest_route=\/wp\/v2\/pages\/19\/revisions"}],"predecessor-version":[{"id":1360,"href":"https:\/\/mendener-in-not.de\/index.php?rest_route=\/wp\/v2\/pages\/19\/revisions\/1360"}],"wp:featuredmedia":[{"embeddable":true,"href":"https:\/\/mendener-in-not.de\/index.php?rest_route=\/wp\/v2\/media\/962"}],"wp:attachment":[{"href":"https:\/\/mendener-in-not.de\/index.php?rest_route=%2Fwp%2Fv2%2Fmedia&parent=19"}],"curies":[{"name":"wp","href":"https:\/\/api.w.org\/{rel}","templated":true}]}}

Spenden Sie für Mendener in Not e.V.

<p><strong>Die Solidarität in Menden ist riesengroß.</strong></p>



<p>Wir danken allen Gruppierungen, Schulen, Vereinen, Geschäfts- und Privatleuten, die sich&nbsp; für Mendener in Not engagieren und Spenden sammeln. Ihre Hilfe kommt genau dort an, wo sie am dringendsten gebraucht wird. Bitte unterstützen Sie unseren Verein weiter! Die Konten finden Sie unten auf dieser Seite!</p>



<ul class="wp-block-list">
<li>Sie freuen sich auf einen runden <strong>Geburtstag</strong> oder ein <strong>Ehejubiläum</strong>? Dann verzichten Sie doch auf Geschenke und bitten Ihre Freunde und Verwandten um eine Geldspende. Überweisen Sie den Gesamtbetrag auf eines unserer Konten. Wir schicken Ihnen dann eine Spendenquittung!</li>



<li>Wichtig: Vermerken Sie auf der Überweisung Ihre Adresse, damit die Spendenquittung auch ankommt!</li>



<li>Sie feiern ein <strong>Firmenjubiläum</strong>? Dann verfahren Sie wie oben. Schicken Sie uns ein Foto Ihrer Jubiläumsfeier an <a href="mailto:info@mendener-in-not.de">info@mendener-in-not.de</a> </li>



<li>Wir berichten dann gerne hier auf unserer <a href="https://www.facebook.com/mendener.in.not/">Facebook</a> und <a href="https://www.instagram.com/mendener_in_not/" target="_blank" rel="noreferrer noopener">Instagram</a>-Seite über Ihre Spende.</li>



<li>Veranstalten Sie ein z.B. (Sport-) Fest oder ein anderes Event für Mendener in Not e.V. .</li>



<li>Und auch bei traurigen Anlässen ist eine Bitte um&nbsp;Spenden für Mendener in Not e.V. eine würdige Alternative für Blumenspenden oder Grabschmuck.</li>
</ul>



<div style="height:31px" aria-hidden="true" class="wp-block-spacer"></div>



<p><strong>Unsere Konten:</strong></p>



<ul class="wp-block-list">
<li><strong>Sparkasse Märkisches Sauerland Hemer Menden</strong><br>IBAN DE54 4455 1210 1800 0728 68</li>
</ul>



<ul class="wp-block-list">
<li><strong>Märkische Bank</strong><br>IBAN DE14 4506 0009 0108 8550 00</li>
</ul>



<ul class="wp-block-list">
<li><strong>Mendener Bank</strong><br>IBAN DE 42 4476 1312 0000 0060 60</li>
</ul>



<p><strong>Vermerken Sie beim Online-Banking im Betreff den Begriff &#8222;Spende&#8220;.</strong><br><br>Haben Sie bitte Verständnis dafür, dass wir Ihnen erst ab einem Betrag von mehr als 300 € eine Spendenquittung zukommen lassen. Bei bis zu 300 € erkennt das Finanzamt den Kontoauszug als Spendenbeleg an.</p>

<p>Die Solidarität in Menden ist riesengroß. Wir danken allen Gruppierungen, Schulen, Vereinen, Geschäfts- und Privatleuten, die sich&nbsp; für Mendener in Not engagieren und Spenden sammeln. Ihre Hilfe kommt genau dort an, wo sie am dringendsten gebraucht wird. Bitte unterstützen Sie unseren Verein weiter! Die Konten finden Sie unten auf dieser Seite! Unsere Konten: Vermerken Sie [&hellip;]</p>
